
False
Does 1405 divide 277885545?
False
Is 454 a factor of 49236454?
False
Does 991 divide 1751616831?
False
Is 248 a factor of 647512872?
True
Does 69 divide 1479439285?
False
Does 19 divide 2429638?
False
Is 100 a factor of 139635200?
True
Does 8 divide 211783800?
True
Is 14024150 a multiple of 85?
True
Is 15 a factor of 66695922?
False
Does 2811 divide 103262845?
False
Is 185 a factor of 59522614?
False
Is 7 a factor of 334206866?
True
Is 16 a factor of 6732352?
True
Is 6947619 a multiple of 1044?
False
Does 4825 divide 135394325?
True
Does 71 divide 1520922?
False
Is 1158733977 a multiple of 1473?
True
Is 8 a factor of 8832?
True
Does 96 divide 662467106?
False
Does 13 divide 478905524?
False
Is 24 a factor of 34663608?
True
Does 279 divide 5147294?
False
Is 848956284 a multiple of 12?
True
Is 67 a factor of 14935774?
True
Is 20 a factor of 28999340?
True
Is 617218734 a multiple of 326?
True
Is 174905510 a multiple of 670?
True
Is 4996358350 a multiple of 46?
False
Does 16 divide 183060848?
True
Is 37 a factor of 11050478?
False
Does 275 divide 248067600?
True
Is 6 a factor of 307178022?
True
Is 3394107 even?
False
Is 2995230 even?
True
Is 215 a factor of 788530676?
False
Does 737 divide 166203818?
True
Does 168 divide 335566560?
True
Does 1369 divide 105335281?
False
Is 262619385 a multiple of 136?
False
Does 775 divide 956995575?
True
Is 205950919 a multiple of 478?
False
Is 6722863 a multiple of 29?
False
Does 153 divide 4086640?
False
Is 2837954453 a multiple of 2160?
False
Is 19304532 a multiple of 3173?
True
Is 36 a factor of 46979274?
False
Does 16 divide 1247779729?
False
Does 7577 divide 704236688?
True
Does 223 divide 76946247?
False
Is 166792890 a multiple of 2398?
True
Is 630304142 a multiple of 1367?
False
Does 274 divide 935990302?
True
Does 13 divide 296025647?
False
Does 605 divide 29657100?
True
Does 537 divide 29569340?
False
Does 46 divide 73722038?
True
Is 1148 a factor of 10903476?
False
Does 305 divide 189105409?
False
Does 1857 divide 2868259868?
False
Does 52 divide 8764681?
False
Does 31 divide 78983051?
False
Does 12 divide 363362506?
False
Is 26 a factor of 47101259?
False
Is 38895199 a multiple of 1185?
False
Is 2649 a factor of 43456457?
False
Is 96222965 a multiple of 329?
False
Is 74 a factor of 1794923946?
True
Is 77 a factor of 68609799?
False
Is 859 a factor of 18514886?
True
Is 76620246 a multiple of 1117?
False
Is 120 a factor of 107753640?
True
Is 11 a factor of 252633260?
True
Is 44 a factor of 77460372?
True
Is 43 a factor of 21548914?
False
Does 1529 divide 435762413?
False
Is 624982760 a multiple of 9?
False
Is 1331655774 a multiple of 57?
True
Is 1586 a factor of 366315248?
True
Is 3939185 a multiple of 36?
False
Does 261 divide 703582755?
False
Is 331 a factor of 536155786?
True
Is 54 a factor of 627970650?
False
Is 156021940 a multiple of 278?
True
Is 816 a factor of 415076833?
False
Is 85944545 a multiple of 30?
False
Does 2574 divide 407379258?
True
Is 28323657 a multiple of 141?
True
Is 21670969 a multiple of 4?
False
Is 246612704 a multiple of 38?
True
Does 66 divide 65359140?
True
Is 304 a factor of 365869472?
True
Is 6 a factor of 503477610?
True
Does 73 divide 1751543382?
False
Is 177 a factor of 53701446?
True
Does 110 divide 1097632426?
False
Is 15 a factor of 162634847?
False
Does 509 divide 155223778?
False
Is 20 a factor of 362784727?
False
Does 204 divide 66943822?
False
Is 425693400 a multiple of 57?
False
Is 1509 a factor of 15235213?
False
Is 650662767 a multiple of 320?
False
Is 12074216 a multiple of 68?
True
Is 708 a factor of 1310692080?
True
Is 383411784 a multiple of 1218?
True
Does 45 divide 128657880?
True
Is 137580485 a multiple of 49?
True
Is 3 a factor of 34653742?
False
Is 154 a factor of 93058504?
True
Does 771 divide 1125309180?
False
Does 65 divide 44965337?
False
Does 8 divide 202916512?
True
Does 55 divide 282018055?
True
Is 9 a factor of 9463859?
False
Does 2728 divide 1027092000?
True
Is 21 a factor of 217605416?
False
Is 4864 a factor of 1673371648?
True
Is 32 a factor of 20971866?
False
Is 17366383 a multiple of 5?
False
Is 96014127 a multiple of 33?
True
Is 25 a factor of 127855358?
False
Is 4684158573 a multiple of 28?
False
Does 3 divide 989576028?
True
Is 36 a factor of 4128658776?
True
Does 835 divide 68788747?
False
Is 1590429429 a multiple of 59?
True
Is 36 a factor of 547811280?
True
Is 7216644 a multiple of 12?
True
Is 211222282 a multiple of 120?
False
Does 151 divide 93534503?
False
Is 493 a factor of 1003499035?
True
Is 252 a factor of 49125132?
True
Does 1997 divide 151377671?
False
Does 44 divide 16944006?
False
Is 723 a factor of 7976611?
False
Does 282 divide 687368796?
True
Is 19 a factor of 26716166?
True
Does 18 divide 45992293?
False
Is 147334328 a multiple of 118?
True
Does 284 divide 2957114932?
False
Does 1901 divide 35304756?
False
Is 95011306 a multiple of 97?
True
Is 3755 a factor of 202815041?
False
Is 2309462 a multiple of 147?
False
Is 14817028 a multiple of 1111?
False
Does 6 divide 3601722?
True
Does 110 divide 741255904?
False
Is 482210237 a multiple of 90?
False
Does 25 divide 2477189425?
True
Is 47009851 a multiple of 151?
False
Does 1519 divide 2722166482?
True
Is 12 a factor of 48847046?
False
Does 85 divide 46734105?
True
Is 1173411293 a multiple of 26?
False
Does 5 divide 286677000?
True
Does 10 divide 1043898590?
True
Is 2521 a factor of 28878874?
False
Does 659 divide 50722014?
False
Does 22 divide 5368820952?
True
Is 15468565 a multiple of 49?
True
Is 20 a factor of 13537369?
False
Is 2820036193 a multiple of 4611?
False
Does 60 divide 11009760?
True
Does 34 divide 59150549?
False
Is 65 a factor of 133870490?
True
Does 414 divide 233411544?
True
Does 4 divide 72827690?
False
Is 71471568 a multiple of 99?
False
Is 359871540 a multiple of 3684?
True
Does 4 divide 3297580?
True
Does 1210 divide 446313340?
True
Is 180 a factor of 1979276263?
False
Is 9 a factor of 621927?
True
Does 389 divide 5376445?
False
Is 1554 a factor of 506111382?
True
Does 10295 divide 6770177310?
True
Is 24965136 a multiple of 63?
True
Does 4 divide 21011721?
False
Does 29 divide 306518864?
True
Is 635766044 a multiple of 109?
True
Does 6 divide 1185195?
False
Does 8 divide 502986382?
False
Is 6382848 a multiple of 768?
True
Is 3131 a factor of 60859489?
False
Is 387 a factor of 219196413?
True
Is 2164104210 a multiple of 318?
False
Is 2350 a factor of 498949650?
True
Is 64 a factor of 55506772?
False
Does 1336 divide 26621391?
False
Is 25 a factor of 63139835?
False
Is 2174638844 a multiple of 238?
True
Is 8 a factor of 628135593?
False
Is 151396960 a multiple of 880?
True
Is 52626997 a multiple of 13?
False
Is 1487 a factor of 61686708?
True
Is 12 a factor of 35785191?
False
Is 362 a factor of 53036280?
False
Is 643 a factor of 402930215?
False
Is 91828672 a multiple of 962?
True
Is 5 a factor of 4153170?
True
Does 10 divide 156670336?
False
Does 635 divide 4359092529?
False
Is 1555628264 a multiple of 386?
False
Is 484 a factor of 108824303?
False
Is 113563002 a multiple of 5598?
False
Does 547 divide 14405426?
False
Is 577101 a multiple of 209?
False
Is 7 a factor of 2021307414?
True
Is 658 a factor of 24088064?
True
Is 1409 a factor of 279110055?
False
Is 13719186 a multiple of 238?
False
Does 92 divide 240210896?
True
Does 10 divide 17199380?
True
Is 120 a factor of 8591520?
True
Is 51 a factor of 32510115?
False
Is 188 a factor of 412774024?
False
Does 136 divide 1244944?
True
Does 7 divide 1076293963?
False
Is 8 a factor of 175946560?
True
Does 1990 divide 1026927560?
True
Does 1046 divide 147731810?
True
Is 16291936 a multiple of 4?
True
Is 2521 a factor of 317035918?
True
Is 339163700 a multiple of 100?
True
Does 36 divide 887131715?
False
Is 91 a factor of 424533046?
False
Does 25 divide 3880675?
True
Is 3428235840 a multiple of 6176?
True
Does 196 divide 469152460?
True
Does 1315 divide 3489528?
False
Is 13144502 a multiple of 5?
False
Is 1310202519 a multiple of 62?
False
Is 2906506 a multiple of 434?
False
Does 12 divide 1255908?
True
Is 247763362 a multiple of 336?
False
Does 4970 divide 425541340?
True
Is 65 a factor of 631762495?
True
Does 753 divide 9900444?
True
Is 38 a factor of 90647632?
True
Is 102439152 a multiple of 16